Let j be h(1). Suppose -3*u + 139 = -2*a + 91, 0 = -4*u + 5*a + 64. What is the highest common divisor of u and j?
8
Let v be -10 + 1591 - (4 - 2 - 7). Calculate the highest common divisor of 39 and v.
13
Suppose -4*r + 5*h + 29 = -r, 4*h = 5*r - 44. What is the greatest common divisor of r and 56?
8
Suppose -5 = 4*w - 21. Suppose -3*n - f = -n - 31, n + w*f = 12. What is the greatest common factor of 112 and n?
16
Suppose 3*p = 10*v - 8*v - 114, 4*v = -2*p + 244. Calculate the greatest common factor of v and 516.
12
Suppose -h + 5 = -2. Suppose -l - 2*l = f + h, f - 5*l = 33. What is the highest common divisor of f and 8?
8
Let a(t) = t - 13. Let b be a(0). Let v = b + 28. Let z(s) = -s**2 - 48*s - 42. Let m be z(-47). Calculate the greatest common divisor of m and v.
5
Let z be -6*(35/(-10))/(-7). Let v be 208/12*z/(-2). Suppose -4*b - 2*q + 414 = 0, 0 = -b - 3*q + 59 + 42. Calculate the greatest common divisor of b and v.
26
Let m(s) = 0*s - 2*s**2 + 3*s**2 - s + 99. Let f be m(0). Let t(o) = -12*o - 277. Let p be t(-24). Calculate the highest common factor of f and p.
11
Suppose 834 = -4*p - 0*y - 2*y, -5*p + y = 1060. Let l = -129 - p. Let t be l/4 + (-8)/(-16). What is the greatest common divisor of t and 147?
21
Let d(m) = -13*m**3 + m. Suppose 3 = -5*f + 13. Let y be (-6)/f*(-1)/(-3). Let x be d(y). Calculate the greatest common divisor of x and 108.
12
Suppose 19*m = -48 + 181. Calculate the greatest common factor of 7 and m.
7
Suppose -13*m = -11*m - 8. Suppose 2*s + 12*l - 7*l = 4, s - 2 = m*l. What is the highest common factor of 10 and s?
2
Let m(h) = -14*h**2 - h - 7. Let i(f) = 1. Let l = 16 + -21. Let a(q) = l*i(q) - m(q). Let p be a(-1). Calculate the greatest common factor of p and 5.
5
Let t = 1074 - 684. Let h = -148 + t. Let r be 8/10*165/6. What is the greatest common divisor of r and h?
22
Let y(v) = -v**2 - 14*v + 3. Let n be y(-14). Suppose 0 = -4*u - n*j + 20, 2*j - 25 = -4*u - u. Calculate the greatest common factor of u and 5.
5
Suppose 2*z + 0*z + 70 = 0. Let y = z - -74. Calculate the highest common factor of y and 26.
13
Suppose 0*o + 2*o + 4*u = 2, 3*u - 1 = -o. Let s be (-144)/32*(-4)/6*o. Calculate the greatest common factor of s and 24.
3
Let h(p) = -2*p**2 - 26*p - 5. Let n be h(-12). Suppose -4*a = -3*a - n. Calculate the greatest common factor of 38 and a.
19
Let n be -8*(-4 - -3)*-10. Let q be (72/15)/((-3)/n). Calculate the greatest common divisor of q and 16.
16
Suppose -42 = -7*u + 210. Calculate the highest common divisor of u and 156.
12
Let u(m) be the third derivative of m**5/60 - m**4/3 + 2*m**3/3 - 33*m**2. Let h = 20 - 10. Let t be u(h). Calculate the greatest common factor of t and 3.
3
Suppose 0 = -7*g + 3*g - 264. Let k = g + 70. What is the greatest common divisor of k and 12?
4
Let w(p) = -p**2 - 7*p - 4. Suppose k + 5 + 0 = 0. Let i be w(k). Calculate the highest common factor of i and 24.
6
Let r(s) = -s**2 + 12*s + 18. Let o be r(13). Suppose -4*l - b = -240, o*b + 169 = 4*l - 71. Calculate the highest common divisor of 12 and l.
12
Suppose -m = -3*r + 25 - 3, -3*r - 2 = 5*m. Suppose r*u + 3*u - 351 = 0. Calculate the highest common divisor of u and 13.
13
Let w be 16/2*(-3)/(-4). Let f(v) = 31*v + 2. Let a be f(w). Suppose 64 = 2*q - a. Calculate the greatest common divisor of q and 18.
18
Suppose -127 - 1121 = -12*y. What is the highest common divisor of y and 234?
26
Suppose -48 = -0*k - k. Calculate the highest common divisor of k and 12.
12
Let q be -5*(32/(-10))/4. Let f be 75/(-10)*q/(-5). Calculate the greatest common factor of f and 6.
6
Suppose -3 - 2 = -5*a. Suppose 2*o + 2*o + 9 = -j, -o + 2*j + 9 = 0. Let w be (108/(-12))/(o/a). Calculate the highest common factor of w and 9.
9
Suppose 9 - 45 = -3*i. Calculate the highest common factor of i and 42.
6
Let y(t) be the third derivative of -t**6/120 - t**5/5 - t**4/8 + t**3/3 + 3*t**2. Let i be y(-12). Calculate the highest common factor of 38 and i.
38
Let p(o) = -o**3 - 13*o**2 + 26*o - 36. Let b be p(-15). Calculate the greatest common divisor of b and 588.
12
Let c = 58 - -76. What is the highest common divisor of 2 and c?
2
Let f(g) = 25*g**2 + 2*g + 1. Let z be f(-1). Let x be 3 + (-235 - (2 + -3)). Let b = 33 - x. Calculate the highest common divisor of b and z.
24
Let m(o) = -o**3 + 2*o**2 + 4*o - 3. Let g be m(3). Suppose a - 2*s = g, -1 = -3*a + 5*s - 0. What is the greatest common divisor of 6 and a?
2
Let b = 4900 + -2791. What is the greatest common factor of 57 and b?
57
Suppose 3 = 2*p - 5*y, 2*p - p = y + 3. Suppose 172 = p*o + 3*j, -3*j - 151 - 37 = -5*o. What is the highest common divisor of 20 and o?
20
Suppose 0 = -2*t - 2*g + 18, -18 = -3*t - g + 15. Let f be ((-16)/14 - 34/(-238)) + 31. Calculate the greatest common factor of f and t.
6
Suppose -k - g + 4 = 5, 4*g = -k - 4. Suppose k = -4*i - 16, 4*w = -0*w - i + 44. What is the highest common divisor of w and 8?
4
Let a = -75 - -123. What is the highest common divisor of 60 and a?
12
Let y = -3 - -11. Suppose 4*z - y - 4 = 0. Let j be 9 - (1 + 1 + -2). What is the highest common factor of j and z?
3
Let q = -847 - -1167. What is the greatest common factor of q and 5?
5
Suppose -2*r + 43 = 5*s, -3*s + 3*r + 16 = s. Suppose 100 = -s*k + 11*k. Suppose g - k = -2*m + 6*g, -12 = 4*g. Calculate the highest common factor of m and 25.
5
Let n(d) = -2*d**3 + 8*d**2 + 2*d - 8. Let q be n(4). Suppose 5*b - 2 - 8 = q. Calculate the highest common divisor of b and 18.
2
Let o(s) = 4*s**2 - 3*s - 10. Let c be o(7). Suppose 18*r + 238 - 1228 = 0. What is the highest common factor of c and r?
55
Let d(s) = 18*s**2 - 1. Let k(y) = -4*y + 67. Let o be k(17). Let v be d(o). What is the greatest common divisor of v and 238?
17
Let y = 37 + -21. Suppose 5*a - 2*q = 17, -3*q + 4 = 2*a + 1. Suppose -a*t - 2*t + 3*n = -10, 2*t - 4 = -3*n. What is the highest common factor of y and t?
2
Let i(k) = k**2 + 3*k + 77. Let b be i(0). Suppose -3*r = -b - 46. Calculate the greatest common factor of r and 369.
41
Let d(a) = -a**3 + 6*a**2 - 6*a + 3. Suppose -3 = g + 5*u - 2, -3*g + 14 = -2*u. Let s be d(g). Let o = -7 + s. Calculate the highest common factor of o and 12.
4
Suppose 0 = -82*a + 78*a + 2756. What is the greatest common divisor of a and 13?
13
Suppose 4*w - 13 = -1. Suppose -4*a + w*b = -57, -5*a - 4*b = -81 - 29. Let q be 9/(-2)*(-228)/a. Calculate the greatest common divisor of 19 and q.
19
Let o = -326 - -398. What is the highest common divisor of o and 126?
18
Suppose z + z - 2*q - 170 = 0, -4*z + 375 = 3*q. What is the greatest common factor of 10 and z?
10
Suppose -4*c = -0*b - 4*b + 76, 0 = 2*b - 3*c - 38. Let x = b + -13. Let d = 16 - 10. Calculate the greatest common divisor of x and d.
6
Let m = -305 + 326. What is the highest common factor of 189 and m?
21
Let c(y) = y**2 - 8*y + 16. Let d(f) = f**3 - 8*f**2 + 7*f + 6. Let l be d(7). Let j be c(l). What is the greatest common factor of j and 16?
4
Let h(x) = 147*x**2 + 9*x - 4. Let k be h(1). What is the greatest common factor of k and 304?
152
Let t(x) be the second derivative of x**3/3 + 13*x**2/2 - 7*x. Let l be t(-8). Let d be (l/2)/((-7)/168). What is the highest common factor of d and 4?
4
Let b be 5*176*(-1)/(-5). Let t(n) = -n**2 - 39*n - 52. Let z be t(-37). What is the highest common factor of b and z?
22
Suppose -3*h + 36 = h. What is the greatest common factor of h and 18?
9
Suppose 3*h = 5*w + 74 + 49, 0 = 2*h - 2*w - 78. Suppose 6*f - 180 + 72 = 0. Calculate the highest common factor of f and h.
18
Suppose 4*g + 4*d - 2*d = -616, -5*g - 775 = 5*d. Let k = g - -173. Calculate the greatest common divisor of k and 140.
20
Suppose 5*x = -0*x. Suppose -32 = -2*v - x*v. Let f(h) = h**2. Let d be f(4). What is the highest common divisor of v and d?
16
Let k be (-4 - -13) + 4*1. Suppose -180 = 7*t - k*t. Calculate the greatest common factor of t and 240.
30
Let c = 37 - -43. Suppose 0 = c*h - 86*h + 54. What is the greatest common divisor of 63 and h?
9
Let p = 3631 + -3627. Let q(s) = 0*s - 4*s - 4 + s**3 + 5*s**2 + 0*s. Let y be q(-5). Calculate the greatest common divisor of p and y.
4
Suppose -14*q - 6 = -16*q. Suppose -q*b - 5 = 2*u - 39, u = -b + 15. What is the highest common factor of 11 and u?
1